se 0 = -2*z + 2*i + 6, -2*i + 0*i - 14 = -4*z. Suppose 4*l = -z*m + 432, 248 = -5*m + 3*l + 820. Is 7 a factor of m?
True
Let q be (39/(-6))/((-4)/8). Let h = 14 - q. Is (h + -5)*9/(-6) a multiple of 2?
True
Suppose -12*c = -18*c + 1818. Suppose -75 + c = 6*j. Is 8 a factor of j?
False
Suppose m + m - 2*a - 356 = 0, 704 = 4*m - 2*a. Suppose 2*k = -5*h - 0*h + 555, 333 = 3*h + 4*k. Suppose -3*c = b - h, 5*c + b - m = 3*b. Is c a multiple of 9?
True
Suppose -8*b + 2381 = 733. Let h = b + -98. Is 18 a factor of h?
True
Let a = 47 - 28. Suppose 0 = 4*p - s + a, 2*p - 4*p + 4*s - 20 = 0. Is p/(-5)*15/2 a multiple of 5?
False
Suppose 0 = 3*d, 0 = -5*s + 167*d - 166*d + 11115. Is 9 a factor of s?
True
Suppose 0 = 5*q - 8*q + 174. Suppose 0*w - 2*w = q. Let t = 37 - w. Does 11 divide t?
True
Let s be (-4)/2 - (-3 + -1). Suppose 0 = -7*u + 2*u - s*i + 12, -4*i = -3*u + 2. Suppose -u*v - 3*v + 260 = 0. Is 13 a factor of v?
True
Let f = -98 + 166. Does 8 divide 6/(6/f*1)?
False
Let m = -553 + 833. Is m a multiple of 9?
False
Suppose 0*h + 25 = 5*x + 5*h, 0 = -3*x - 4*h + 17. Suppose u + x = 2. Is (13/2)/(u/(-2)) a multiple of 3?
False
Let l(y) = -4*y**3 + 3*y**2 - y + 12. Is l(-4) a multiple of 3?
False
Suppose 0 = 5*u + 4*m + 6, 0 = 2*u - 4*u + 2*m - 6. Let z = u - -4. Suppose g - 4*h - 10 - 6 = 0, -z*h - 80 = -5*g. Is 6 a factor of g?
False
Suppose 5*y = 2*p + 27 + 10, 0 = 4*p - y + 65. Let j(n) = -2*n + 12. Let l be j(12). Is 16 a factor of (-381)/l + (-4)/p?
True
Let o(l) = l**3 - 2*l + 1. Let b be o(2). Let n = 107 + b. Is n a multiple of 14?
True
Let i = 475 + -227. Does 59 divide i?
False
Suppose -30*k = -31*k + 51. Let n = -25 + k. Is n a multiple of 15?
False
Let o(n) be the second derivative of 11/12*n**4 + n**2 + 0 + 3*n - 1/3*n**3. Is 14 a factor of o(2)?
True
Let t = 455 + -705. Is (t/(-4))/(2/20*5) a multiple of 23?
False
Let t be -10*2/4*-3. Is ((-3)/t + -3)*-5 a multiple of 4?
True
Let v(x) = -x**3 + 2*x**2 + 2*x + 3. Let u be v(4). Suppose 0 = -32*n + 27*n + 265. Let y = u + n. Is 16 a factor of y?
True
Is ((-15)/4)/((-88)/13376) a multiple of 19?
True
Let v(l) = -20*l - 30. Let c be v(-11). Suppose -12*z + c = -10*z. Is 25 a factor of z?
False
Suppose 0 = 2*s + 2*u - 620, 2*u + 128 = -4*s + 1358. Is s a multiple of 3?
False
Let z be 104/(-10) - 15/25. Let p = -6 - z. Let n(l) = 14*l + 6. Is n(p) a multiple of 24?
False
Let v be (4/(-6))/((-2)/3). Let h(x) = 59*x**2 - 1. Does 10 divide h(v)?
False
Suppose -3600 = l - 6*l. Is 60 a factor of l?
True
Suppose 0 = 3*c - 3*q - 78 - 54, -c - 2*q = -41. Is c a multiple of 11?
False
Let w(x) = 12*x - 6. Let h be w(3). Let a = -11 + h. Suppose -s + a = -3*z, -4*z - 13 = 3*s + z. Does 2 divide s?
True
Let a = -152 - -754. Is a a multiple of 12?
False
Suppose -3*w + 10 = -8*w. Let c(h) = -7*h**3 - 8*h**2 - 6*h + 2. Is 7 a factor of c(w)?
False
Let g(f) = -5*f**3 - 5*f**2 - 12*f - 27. Does 13 divide g(-4)?
False
Let l = 2240 - 590. Is l a multiple of 11?
True
Let m = 24 + -29. Is ((-4)/m)/((-4)/(-570)) a multiple of 19?
True
Let w(t) = -3*t**3 - 9*t**2 + 9*t - 5. Let r(c) = -c**3 - c**2 + c - 1. Let h(z) = -4*r(z) + w(z). Let u be h(4). Suppose -u*b = -230 - 94. Does 29 divide b?
False
Let l(a) = -18*a - 3. Let y be l(6). Let m = y + 208. Does 12 divide m?
False
Let r(b) = 755*b**2 - 2*b + 3. Is r(1) a multiple of 9?
True
Is 9 a factor of (-10)/65 - (-4)/52*1367?
False
Let r(s) = 13*s**3 + 3*s**2 - 3*s - 1. Let z be r(2). Let n = z + -76. Is 7 a factor of n?
False
Let v(l) = l + 4. Let b be v(-6). Let w(s) = 3*s**3. Let y be w(b). Is 22 a factor of (32/y)/(2/(-78))?
False
Suppose 0 = -4*x + d + 934, -3*x + 3*d + 110 = -586. Does 21 divide x?
False
Let w(l) = -l**2 - 6*l + 1. Let j be w(-5). Let n be (5/(-4))/(j/(-72)). Let d = n - 1. Is d a multiple of 4?
False
Let m(i) = -i**3 + 5*i**2 + 6*i - 6. Let a be m(3). Does 36 divide 1250/a + 2/6 - 4?
False
Let z(v) = -500*v - 14. Is z(-1) a multiple of 9?
True
Suppose 0 = -l + 3*b + 69, -3*l = -8*l - b + 329. Is 22 a factor of l?
True
Is 15 a factor of (2 - (-9)/(-9)) + 389?
True
Suppose -492 = -3*u + 246. Does 28 divide u?
False
Let u(t) = 135*t**2 - 13*t + 1. Is 13 a factor of u(1)?
False
Suppose -16*z + 5377 = 3*z. Let o = 39 + z. Is o a multiple of 23?
True
Suppose 15 = -3*l, 0*l + 3*l + 80 = z. Does 5 divide z?
True
Let p be (1 - -1)*(-5 + 2). Suppose -8*f + 45 = -3*f. Does 6 divide 1 - f*p/2?
False
Let m(j) = j**3 + 43*j**2 - 255*j - 89. Is 9 a factor of m(-48)?
False
Suppose -q - v - 131 + 620 = 0, -v - 1451 = -3*q. Does 38 divide q?
False
Let b(a) = -a**3 + 12*a**2 - 11*a + 16. Let r = -23 - -34. Is b(r) a multiple of 7?
False
Let y = 566 - 507. Is 8 a factor of y?
False
Suppose -3*w - d = -2, -1 + 9 = -2*w + 4*d. Suppose 2*m + 1 - 13 = w. Suppose -4*h = -42 - m. Is h a multiple of 6?
True
Let v(r) = -r + 16. Let d be v(4). Suppose 15*h + d = 18*h. Is 4 a factor of h?
True
Let w be 5/(15/18) - (1 + 0). Suppose -7*d = -w*d - 168. Is 28 a factor of d?
True
Let t be (-3)/(-6)*(1 - 1). Suppose t*a - 2*a + 44 = 0. Is (-11)/a*(-288)/2 a multiple of 24?
True
Suppose 106 = -4*p + 778. Let g = p - 137. Is g a multiple of 5?
False
Let m = 1395 + -819. Is m a multiple of 18?
True
Is 105 a factor of 2410*(-5)/20*-2?
False
Let h = -106 - -221. Does 17 divide h?
False
Let l = -113 - -114. Let a(s) = 40*s + 10. Does 4 divide a(l)?
False
Let x be 2/6*0/(-5). Suppose -2*o - 3*o + 475 = x. Suppose 2*y + c + o = 6*y, -3*y + 4*c + 81 = 0. Is 8 a factor of y?
False
Let g be (-31 - -27) + ((-1)/(-1) - 0). Let p = -1 + 2. Let x = p - g. Is x a multiple of 3?
False
Let o(i) = 2*i - 12. Let s be o(5). Let t be s/4 - (-18)/4. Suppose t*f = 2*f + 20. Is 6 a factor of f?
False
Suppose -21*y + 718 = -2747. Does 23 divide y?
False
Suppose 0 = 5*c + 1 - 26, 3*y = -2*c + 31. Let h(o) = -o**3 + 8*o**2 - 5*o - 10. Let t be h(y). Suppose -3*v - 3 = 3*p, v + 1 = -t. Is 3 a factor of p?
False
Let j = -101 - -63. Let h = j + 219. Is h a multiple of 26?
False
Let k be (6/9)/((-2)/3). Is k/(-1*3/6) + 98 a multiple of 20?
True
Does 8 divide (1 - (-1376)/(-24))*(-6)/2?
False
Suppose -4*u - u + 25 = 0. Suppose -8*i + 5*i + 6 = 0. Is 0/u - (-5 - i) even?
False
Let w(o) = 7 - 14*o + 7 + 3*o**2 - 5 - 4*o**2. Let k be 33/(-4) - (-7)/28. Does 22 divide w(k)?
False
Let g(r) = -r**3 + 8*r**2 - 7*r + 3. Let c be g(7). Suppose -4 = -c*z + 47. Let u = z - -5. Is 11 a factor of u?
True
Suppose -u - 2371 = -7*j + 3*j, 3*u = -2*j - 7071. Is 8 a factor of 1/(-4) - (4 - u/(-28))?
True
Suppose g - 107 = -6*y + 2*y, -5*g - 4*y = -535. Suppose -13*n = -8*n + 5*s - 435, g = n + 5*s. Does 7 divide n?
False
Suppose 4*j + 3*k = 823 + 261, 0 = -4*k + 16. Is j a multiple of 19?
False
Let x be (-9 + 11)*(-1 + 0). Let c be -1*(x + 173) + -3. Is 12 a factor of (-3)/7 + c/(-14)?
True
Suppose -y - 2*y = 9. Let n(v) = -v**2 - 3*v - 6. Let x be n(y). Let g(r) = 2*r**2 - 2*r + 12. Is g(x) a multiple of 32?
True
Let y(k) = 4*k**2 + 5*k + 6. Let t(f) = -f + 2. Let g be t(5). Let l be y(g). Let x = l + -4. Is x a multiple of 16?
False
Suppose -5*t - 18*c + 1155 = -15*c, 4*c - 1155 = -5*t. Does 7 divide t?
True
Let v(t) = t + 3. Suppose -4*n + 5 = 3*x, 3*n - 3*x = n - 11. Let i be v(n). Does 7 divide (-396)/(-10) - i/(-5)?
False
Suppose -3*z - 276 = -2*m - m, m + 2*z = 104. Let q(a) = 3*a - 3*a + m*a**2 - 95*a**2. Does 20 divide q(10)?
True
Let u = -8 - -8. Let c be -2 - (u - 2 - 2). Suppose 2*w - 11 - 9 = -c*i, 2*i - 19 = -w. Is 8 a factor of i?
False
Suppose 4*g - d + 2980 + 1071 = 0, 5*d = -g - 1039. Does 13 divide ((-1)/3)/(13/g)?
True
Suppose -6*w - 4*w = 50. Is 11 a factor of -2 - (5 + -16 - (-3 - w))?
True
Suppose -5*o = 4*x - 612, x + 2*x - 9 = 0. Is o a multiple of 10?
True
Let j = -66 - -345. Does 14 divide j?
False
Suppose 0 = 3*w + 9, -5*w + 6*w = -3*u + 381. Is u a multiple of 32?
True
Let n = 107 + -47. Does 20 divide n?
True
Let a = -501 + 2097. Is a a multiple of 7?
True
Suppose -4*a + 0*i = 5*i - 41, 5*a + 2*i = 30. Let c be 32 + -6*(-2)/4. Suppose a*x = -3*s + c, 5*s = -5*x + 2*x + 51. Is 5 a factor of s?
False
Let b(z) = -z**2 + 27*z + 4. Let u be b(27). Let p(w) = 7*w + 7. Is p(u) a multiple of 20?
False
Let l = 576 + -252. Does 27 divide l?
True
Let j(l) = 1 - 7*l + 3*l + 2 - 2. Let k be j(-1). Suppo